hat are the prime factors of 392747080?
2, 5, 11, 23, 197
What are the prime factors of 197294799?
3, 13, 97, 52153
List the prime factors of 1959055199.
23, 31, 61, 1453
What are the prime factors of 421015515?
3, 5, 28067701
What are the prime factors of 280271145?
3, 5, 7, 11, 242659
What are the prime factors of 2185040?
2, 5, 11, 13, 191
List the prime factors of 20261987.
43, 471209
List the prime factors of 145826004.
2, 3, 12152167
List the prime factors of 569848310.
2, 5, 89, 640279
List the prime factors of 1808224458.
2, 3, 107, 2816549
What are the prime factors of 88606606?
2, 11, 281, 1303
List the prime factors of 726816503.
7, 101, 1028029
What are the prime factors of 80444977?
2647, 30391
List the prime factors of 143219337.
3, 79, 103, 5867
What are the prime factors of 46199412?
2, 3, 7, 19, 9649
List the prime factors of 1195170451.
1195170451
What are the prime factors of 694064425?
5, 31, 101, 8867
What are the prime factors of 40225439?
373, 107843
What are the prime factors of 2213824609?
17, 59, 2207203
List the prime factors of 152083086.
2, 3, 31, 817651
What are the prime factors of 758848742?
2, 29, 227, 57637
List the prime factors of 709740421.
13, 19, 241, 11923
What are the prime factors of 481446874?
2, 240723437
What are the prime factors of 887638660?
2, 5, 197, 225289
What are the prime factors of 139700247?
3, 46566749
What are the prime factors of 78485985?
3, 5, 89, 19597
What are the prime factors of 1254644620?
2, 5, 53, 191, 6197
List the prime factors of 103874192.
2, 6492137
List the prime factors of 953886090.
2, 3, 5, 103, 308701
What are the prime factors of 2386489?
7, 340927
What are the prime factors of 493630620?
2, 3, 5, 7, 277, 4243
What are the prime factors of 465183804?
2, 3, 43, 61, 14779
List the prime factors of 4917961530.
2, 3, 5, 54644017
List the prime factors of 25763464.
2, 3220433
What are the prime factors of 5596359153?
3, 7, 11, 1297, 18679
List the prime factors of 162641716.
2, 383, 106163
What are the prime factors of 183344421?
3, 13, 113, 41603
What are the prime factors of 3147092402?
2, 12577, 125113
What are the prime factors of 28477594?
2, 29, 490993
What are the prime factors of 217591551?
3, 17, 41, 34687
What are the prime factors of 1595574505?
5, 7, 73, 89213
List the prime factors of 825034155.
3, 5, 11, 31, 101, 1597
List the prime factors of 33161841.
3, 241, 15289
What are the prime factors of 602843280?
2, 3, 5, 13, 89, 167
List the prime factors of 479320611.
3, 7, 11, 2074981
What are the prime factors of 59309673?
3, 67, 295073
List the prime factors of 494253284.
2, 7, 17651903
What are the prime factors of 52013846?
2, 17, 31, 61, 809
What are the prime factors of 734202592?
2, 22943831
List the prime factors of 38637065.
5, 37, 457
List the prime factors of 1750309003.
12979, 134857
What are the prime factors of 75257103?
3, 61, 411241
List the prime factors of 3314894578.
2, 1657447289
List the prime factors of 992241017.
47, 331, 63781
List the prime factors of 816645147.
3, 53, 503, 10211
List the prime factors of 270826719.
3, 90275573
List the prime factors of 5091177.
3, 7, 13, 17, 1097
List the prime factors of 268726228.
2, 31, 61, 35527
What are the prime factors of 487520172?
2, 3, 13542227
List the prime factors of 4143933440.
2, 5, 19, 59
What are the prime factors of 53028547?
11, 13, 23, 701
List the prime factors of 27523809.
3, 3058201
List the prime factors of 2008554064.
2, 11, 11412239
List the prime factors of 525904790.
2, 5, 61, 862139
List the prime factors of 75718672.
2, 4732417
List the prime factors of 271849262.
2, 135924631
List the prime factors of 3463532710.
2, 5, 11, 31486661
What are the prime factors of 12476119?
29, 281, 1531
List the prime factors of 531901890.
2, 3, 5, 13, 50513
What are the prime factors of 41970872?
2, 811, 6469
What are the prime factors of 97255843?
4583, 21221
List the prime factors of 30208435.
5, 463, 13049
List the prime factors of 1004414813.
4871, 206203
What are the prime factors of 65788851?
3, 31, 707407
List the prime factors of 4598748754.
2, 23, 31, 3224929
What are the prime factors of 28121254?
2, 7, 19, 71, 1489
What are the prime factors of 6140409036?
2, 3, 511700753
What are the prime factors of 3765354786?
2, 3, 17, 71, 2441
What are the prime factors of 25133541?
3, 8377847
What are the prime factors of 57275133?
3, 409, 46679
List the prime factors of 339365471.
373, 937, 971
List the prime factors of 148960017.
3, 83, 199411
List the prime factors of 692215685.
5, 7, 19777591
List the prime factors of 92513508.
2, 3, 19, 199, 2039
List the prime factors of 453580010.
2, 5, 13, 23, 29, 5231
List the prime factors of 173220301.
173220301
What are the prime factors of 267616747?
267616747
List the prime factors of 2641593742.
2, 25469, 51859
List the prime factors of 80217754.
2, 40108877
List the prime factors of 3129980451.
3, 13, 80255909
List the prime factors of 6161322122.
2, 3080661061
What are the prime factors of 19935191?
47, 523, 811
What are the prime factors of 156202289?
53, 2947213
List the prime factors of 99077091.
3, 33025697
List the prime factors of 1133314787.
11, 103028617
What are the prime factors of 57690356?
2, 337, 42797
What are the prime factors of 260122822?
2, 2729, 47659
List the prime factors of 1480831312.
2, 31, 2985547
List the prime factors of 63139141.
13, 641, 7577
What are the prime factors of 63399308?
2, 7, 71, 31891
List the prime factors of 2467264314.
2, 3, 411210719
What are the prime factors of 127650020?
2, 5, 6382501
List the prime factors of 174165828.
2, 3, 97, 149627
List the prime factors of 97138615.
5, 7, 2775389
List the prime factors of 4692129462.
2, 3, 41, 59, 107761
List the prime factors of 1312398084.
2, 3, 53, 229, 9011
List the prime factors of 208534123.
7, 23, 1295243
What are the prime factors of 335096623?
335096623
What are the prime factors of 17582599?
17582599
List the prime factors of 32300685.
3, 5, 199, 3607
What are the prime factors of 41807032?
2, 1223, 4273
List the prime factors of 193591565.
5, 38718313
What are the prime factors of 178133845?
5, 263, 135463
What are the prime factors of 998348051?
23, 43406437
List the prime factors of 4382348070.
2, 3, 5, 146078269
What are the prime factors of 2697404436?
2, 3, 24975967
What are the prime factors of 257255586?
2, 3, 7, 137, 2129
What are the prime factors of 479490799?
479490799
What are the prime factors of 2248466304?
2, 3, 7, 839, 997
What are the prime factors of 25609876?
2, 269, 23801
List the prime factors of 1316938.
2, 7, 109, 863
List the prime factors of 186831602.
2, 647, 144383
What are the prime factors of 321303628?
2, 80325907
List the prime factors of 21317353.
1699, 12547
List the prime factors of 43647291.
3, 29, 89, 1879
List the prime factors of 1199643907.
7, 11, 19, 819989
What are the prime factors of 1287663830?
2, 5, 128766383
List the prime factors of 44427181.
149, 298169
List the prime factors of 1786595.
5, 357319
List the prime factors of 246223934.
2, 11, 43, 6053
What are the prime factors of 2358006556?
2, 17, 569, 60943
List the prime factors of 102949777.
7, 14707111
List the prime factors of 66768636.
2, 3, 11, 505823
What are the prime factors of 89834043?
3, 13, 2303437
What are the prime factors of 32158179?
3, 73, 48947
List the prime factors of 6452694.
2, 3, 358483
List the prime factors of 920605348.
2, 13, 29, 103, 5927
What are the prime factors of 33605189?
1999, 16811
List the prime factors of 40898051.
19, 193, 587
List the prime factors of 9434600959.
7, 17, 79282361
List the prime factors of 5212395753.
3, 107, 16237993
List the prime factors of 2901513361.
37511, 77351
What are the prime factors of 91186355?
5, 13, 503, 2789
List the prime factors of 435806404.
2, 11, 227, 43633
What are the prime factors of 451225264?
2, 7, 73, 229, 241
What are the prime factors of 5035919437?
23, 311, 704029
List the prime factors of 43624591.
37, 191, 6173
List the prime factors of 524792639.
7, 74970377
What are the prime factors of 255989593?
255989593
List the prime factors of 1241699550.
2, 3, 5, 7, 13, 17, 5351
List the prime factors of 63056129.
5107, 12347
What are the prime factors of 37